{"id":2187,"date":"2026-02-12T12:14:00","date_gmt":"2026-02-12T11:14:00","guid":{"rendered":"https:\/\/klub.przyczolek.waw.pl\/?page_id=2187"},"modified":"2026-03-28T19:08:38","modified_gmt":"2026-03-28T18:08:38","slug":"dzieje-sie-w-dzielnicy","status":"publish","type":"page","link":"https:\/\/klub.przyczolek.waw.pl\/?page_id=2187","title":{"rendered":"DZIEJE SI\u0118 W DZIELNICY"},"content":{"rendered":"\n<figure class=\"wp-block-image size-full is-resized\"><img loading=\"lazy\" decoding=\"async\" width=\"329\" height=\"473\" src=\"https:\/\/klub.przyczolek.waw.pl\/wp-content\/uploads\/2026\/02\/Screenshot-2026-02-12-at-11-54-42-plakat-Stefano-Dzien-Kobiet-plakat.pdf.png\" alt=\"\" class=\"wp-image-2188\" style=\"width:329px;height:auto\" srcset=\"https:\/\/klub.przyczolek.waw.pl\/wp-content\/uploads\/2026\/02\/Screenshot-2026-02-12-at-11-54-42-plakat-Stefano-Dzien-Kobiet-plakat.pdf.png 329w, https:\/\/klub.przyczolek.waw.pl\/wp-content\/uploads\/2026\/02\/Screenshot-2026-02-12-at-11-54-42-plakat-Stefano-Dzien-Kobiet-plakat.pdf-209x300.png 209w\" sizes=\"auto, (max-width: 329px) 100vw, 329px\" \/><\/figure>\n\n\n\n<p>Wi\u0119cej szczeg\u00f3\u0142\u00f3w <a href=\"https:\/\/terminalkultury.pl\/wydarzenie\/tancz-amore\/\">tutaj<\/a><\/p>\n","protected":false},"excerpt":{"rendered":"<p>Wi\u0119cej szczeg\u00f3\u0142\u00f3w tutaj<\/p>\n","protected":false},"author":3,"featured_media":0,"parent":0,"menu_order":0,"comment_status":"closed","ping_status":"closed","template":"","meta":{"footnotes":""},"class_list":["post-2187","page","type-page","status-publish","hentry"],"_links":{"self":[{"href":"https:\/\/klub.przyczolek.waw.pl\/index.php?rest_route=\/wp\/v2\/pages\/2187","targetHints":{"allow":["GET"]}}],"collection":[{"href":"https:\/\/klub.przyczolek.waw.pl\/index.php?rest_route=\/wp\/v2\/pages"}],"about":[{"href":"https:\/\/klub.przyczolek.waw.pl\/index.php?rest_route=\/wp\/v2\/types\/page"}],"author":[{"embeddable":true,"href":"https:\/\/klub.przyczolek.waw.pl\/index.php?rest_route=\/wp\/v2\/users\/3"}],"replies":[{"embeddable":true,"href":"https:\/\/klub.przyczolek.waw.pl\/index.php?rest_route=%2Fwp%2Fv2%2Fcomments&post=2187"}],"version-history":[{"count":4,"href":"https:\/\/klub.przyczolek.waw.pl\/index.php?rest_route=\/wp\/v2\/pages\/2187\/revisions"}],"predecessor-version":[{"id":2275,"href":"https:\/\/klub.przyczolek.waw.pl\/index.php?rest_route=\/wp\/v2\/pages\/2187\/revisions\/2275"}],"wp:attachment":[{"href":"https:\/\/klub.przyczolek.waw.pl\/index.php?rest_route=%2Fwp%2Fv2%2Fmedia&parent=2187"}],"curies":[{"name":"wp","href":"https:\/\/api.w.org\/{rel}","templated":true}]}}